{"id":164,"date":"2016-04-29T14:09:40","date_gmt":"2016-04-29T14:09:40","guid":{"rendered":"https:\/\/the7.io\/medical\/?page_id=164"},"modified":"2021-06-28T14:55:05","modified_gmt":"2021-06-28T14:55:05","slug":"sobre-nosotros","status":"publish","type":"page","link":"https:\/\/clinicadentalmoderna.com\/index.php\/sobre-nosotros\/","title":{"rendered":"SOBRE NOSOTROS"},"content":{"rendered":"<p>[vc_row css=&#8221;.vc_custom_1624892101790{padding-bottom: 60px !important;}&#8221;][vc_column width=&#8221;1\/3&#8243;]<div id=\"ultimate-heading-468869e107db4be95\" class=\"uvc-heading ult-adjust-bottom-margin ultimate-heading-468869e107db4be95 uvc-3979  uvc-heading-default-font-sizes\" data-hspacer=\"no_spacer\"  data-halign=\"center\" style=\"text-align:center\"><div class=\"uvc-heading-spacer no_spacer\" style=\"top\"><\/div><div class=\"uvc-main-heading ult-responsive\"  data-ultimate-target='.uvc-heading.ultimate-heading-468869e107db4be95 h2'  data-responsive-json-new='{\"font-size\":\"\",\"line-height\":\"\"}' ><h2 style=\"--font-weight:theme;\">MISION<\/h2><\/div><\/div>[vc_column_text]Brindar atenci\u00f3n dental de calidad y un servicio amigable y personalizado, a todas aquellas personas que nos conf\u00edan su salud bucodental Nuestro objetivo es brindar calidez humana y satisfacci\u00f3n a nuestros pacientes fomentando una cultura de prevenci\u00f3n como base primordial para una buena calidad de vida.[\/vc_column_text][\/vc_column][vc_column width=&#8221;1\/3&#8243;]<div id=\"ultimate-heading-405469e107db4bedd\" class=\"uvc-heading ult-adjust-bottom-margin ultimate-heading-405469e107db4bedd uvc-6062  uvc-heading-default-font-sizes\" data-hspacer=\"no_spacer\"  data-halign=\"center\" style=\"text-align:center\"><div class=\"uvc-heading-spacer no_spacer\" style=\"top\"><\/div><div class=\"uvc-main-heading ult-responsive\"  data-ultimate-target='.uvc-heading.ultimate-heading-405469e107db4bedd h2'  data-responsive-json-new='{\"font-size\":\"\",\"line-height\":\"\"}' ><h2 style=\"--font-weight:theme;\">VISION<\/h2><\/div><\/div>[vc_column_text]Ser una cl\u00ednica dental de vanguardia conformada por un equipo de odont\u00f3logos de primer nivel, comprometidos con su actualizaci\u00f3n continua, beneficiando de esta manera a todas las personas que nos conf\u00eda su salud dental.[\/vc_column_text][\/vc_column][vc_column width=&#8221;1\/3&#8243;]<div id=\"ultimate-heading-211869e107db4bf08\" class=\"uvc-heading ult-adjust-bottom-margin ultimate-heading-211869e107db4bf08 uvc-6022  uvc-heading-default-font-sizes\" data-hspacer=\"no_spacer\"  data-halign=\"center\" style=\"text-align:center\"><div class=\"uvc-heading-spacer no_spacer\" style=\"top\"><\/div><div class=\"uvc-main-heading ult-responsive\"  data-ultimate-target='.uvc-heading.ultimate-heading-211869e107db4bf08 h2'  data-responsive-json-new='{\"font-size\":\"\",\"line-height\":\"\"}' ><h2 style=\"--font-weight:theme;\">VALORES<\/h2><\/div><\/div>[vc_column_text]Responsabilidad: Cumplir con el trabajo cuando se debe y de la mejor manera<br \/>\nConfianza: No dudar, cumplir y superar lo que se espera de nosotros<br \/>\nTrabajo en Equipo: Conjuntar talentos y esfuerzos como forma de trabajo[\/vc_column_text][\/vc_column][\/vc_row][vc_row][vc_column width=&#8221;2\/3&#8243;]<div id=\"ultimate-heading-841769e107db4bf2d\" class=\"uvc-heading ult-adjust-bottom-margin ultimate-heading-841769e107db4bf2d uvc-3708  uvc-heading-default-font-sizes\" data-hspacer=\"no_spacer\"  data-halign=\"center\" style=\"text-align:center\"><div class=\"uvc-heading-spacer no_spacer\" style=\"top\"><\/div><div class=\"uvc-main-heading ult-responsive\"  data-ultimate-target='.uvc-heading.ultimate-heading-841769e107db4bf2d h2'  data-responsive-json-new='{\"font-size\":\"\",\"line-height\":\"\"}' ><h2 style=\"--font-weight:theme;\">\u00a1En cl\u00ednica dental moderna nos ocupamos de tu salud bucodental!<\/h2><\/div><div class=\"uvc-sub-heading ult-responsive\"  data-ultimate-target='.uvc-heading.ultimate-heading-841769e107db4bf2d .uvc-sub-heading '  data-responsive-json-new='{\"font-size\":\"\",\"line-height\":\"\"}'  style=\"font-weight:normal;\">!Contacta con nosotros\u00a1<\/div><\/div>[vc_raw_html]JTVCd3Bmb3JtcyUyMGlkJTNEJTIyMTQzNiUyMiU1RCUwOQ==[\/vc_raw_html][\/vc_column][vc_column width=&#8221;1\/3&#8243;]<style type=\"text\/css\" data-type=\"the7_shortcodes-inline-css\">.shortcode-single-image-wrap.shortcode-single-image-78f8222bc91409aae98cfd6fe74e582a.enable-bg-rollover .rollover i,\n.shortcode-single-image-wrap.shortcode-single-image-78f8222bc91409aae98cfd6fe74e582a.enable-bg-rollover .rollover-video i {\n  background: -webkit-linear-gradient();\n  background: linear-gradient();\n}\n.shortcode-single-image-wrap.shortcode-single-image-78f8222bc91409aae98cfd6fe74e582a .rollover-icon {\n  font-size: 32px;\n  color: #ffffff;\n  min-width: 44px;\n  min-height: 44px;\n  line-height: 44px;\n  border-radius: 100px;\n  border-style: solid;\n  border-width: 0px;\n}\n.dt-icon-bg-on.shortcode-single-image-wrap.shortcode-single-image-78f8222bc91409aae98cfd6fe74e582a .rollover-icon {\n  background: rgba(255,255,255,0.3);\n  box-shadow: none;\n}\n<\/style><div class=\"shortcode-single-image-wrap shortcode-single-image-78f8222bc91409aae98cfd6fe74e582a alignnone  enable-bg-rollover dt-icon-bg-off\" style=\"margin-top:0px; margin-bottom:0px; margin-left:0px; margin-right:0px; width:500px;\"><div class=\"shortcode-single-image\"><div class=\"fancy-media-wrap  layzr-bg\" style=\"\"><img class=\"preload-me lazy-load\" src=\"data:image\/svg+xml,%3Csvg%20xmlns%3D&#39;http%3A%2F%2Fwww.w3.org%2F2000%2Fsvg&#39;%20viewBox%3D&#39;0%200%20500%20666&#39;%2F%3E\" data-src=\"https:\/\/clinicadentalmoderna.com\/wp-content\/uploads\/2021\/06\/WhatsApp-Image-2021-06-21-at-6.19.29-PM-1-500x666.jpeg\" data-srcset=\"https:\/\/clinicadentalmoderna.com\/wp-content\/uploads\/2021\/06\/WhatsApp-Image-2021-06-21-at-6.19.29-PM-1-500x666.jpeg 500w, https:\/\/clinicadentalmoderna.com\/wp-content\/uploads\/2021\/06\/WhatsApp-Image-2021-06-21-at-6.19.29-PM-1-774x1030.jpeg 774w\" width=\"500\" height=\"666\"  data-dt-location=\"https:\/\/clinicadentalmoderna.com\/index.php\/sobre-nosotros\/whatsapp-image-2021-06-21-at-6-19-29-pm-1\/\" style=\"\" alt=\"\" \/><\/div><\/div><\/div>[\/vc_column][\/vc_row]<\/p>\n","protected":false},"excerpt":{"rendered":"<p>[vc_row css=&#8221;.vc_custom_1624892101790{padding-bottom: 60px !important;}&#8221;][vc_column width=&#8221;1\/3&#8243;][vc_column_text]Brindar atenci\u00f3n dental de calidad y un servicio amigable y personalizado, a todas aquellas personas que nos conf\u00edan su salud bucodental Nuestro objetivo es brindar calidez humana y satisfacci\u00f3n a nuestros pacientes fomentando una cultura de prevenci\u00f3n como base primordial para una buena calidad de vida.[\/vc_column_text][\/vc_column][vc_column width=&#8221;1\/3&#8243;][vc_column_text]Ser una cl\u00ednica dental de&hellip;<\/p>\n","protected":false},"author":1,"featured_media":0,"parent":0,"menu_order":3,"comment_status":"closed","ping_status":"closed","template":"","meta":{"om_disable_all_campaigns":false,"_monsterinsights_skip_tracking":false,"_monsterinsights_sitenote_active":false,"_monsterinsights_sitenote_note":"","_monsterinsights_sitenote_category":0},"aioseo_notices":[],"_links":{"self":[{"href":"https:\/\/clinicadentalmoderna.com\/index.php\/wp-json\/wp\/v2\/pages\/164"}],"collection":[{"href":"https:\/\/clinicadentalmoderna.com\/index.php\/wp-json\/wp\/v2\/pages"}],"about":[{"href":"https:\/\/clinicadentalmoderna.com\/index.php\/wp-json\/wp\/v2\/types\/page"}],"author":[{"embeddable":true,"href":"https:\/\/clinicadentalmoderna.com\/index.php\/wp-json\/wp\/v2\/users\/1"}],"replies":[{"embeddable":true,"href":"https:\/\/clinicadentalmoderna.com\/index.php\/wp-json\/wp\/v2\/comments?post=164"}],"version-history":[{"count":7,"href":"https:\/\/clinicadentalmoderna.com\/index.php\/wp-json\/wp\/v2\/pages\/164\/revisions"}],"predecessor-version":[{"id":1553,"href":"https:\/\/clinicadentalmoderna.com\/index.php\/wp-json\/wp\/v2\/pages\/164\/revisions\/1553"}],"wp:attachment":[{"href":"https:\/\/clinicadentalmoderna.com\/index.php\/wp-json\/wp\/v2\/media?parent=164"}],"curies":[{"name":"wp","href":"https:\/\/api.w.org\/{rel}","templated":true}]}}